{"id":2213,"date":"2025-02-14T10:54:00","date_gmt":"2025-02-14T10:54:00","guid":{"rendered":"https:\/\/jg26.store\/?post_type=product&#038;p=2213"},"modified":"2025-12-16T14:04:52","modified_gmt":"2025-12-16T14:04:52","slug":"jg26-neck-warmer-color","status":"publish","type":"product","link":"https:\/\/jg26.store\/index.php\/producto\/jg26-neck-warmer-color\/","title":{"rendered":"JG26 NECK WARMER &#8211; COLOR"},"content":{"rendered":"<ul>\n<li>Made in Portugal<\/li>\n<li>100% Organic Cotton<\/li>\n<li>240GSM<\/li>\n<li>Regular Fit<\/li>\n<li>Unisex<\/li>\n<\/ul>\n","protected":false},"excerpt":{"rendered":"<p>Porta l&#8217;esperit d&#8217;un campi\u00f3 a cada ruta amb el <strong>Neck Warmer<\/strong>, dissenyat per a veritables apassionats de l&#8217;enduro i la velocitat. Fet amb materials lleugers, transpirables i d&#8217;assecat r\u00e0pid, aquest buff t&#8217;ofereix comoditat i protecci\u00f3 en cada aventura. Porta&#8217;l com a braga de coll, bandana o passamuntanyes i sent-te part del llegat d&#8217;un aut\u00e8ntic campi\u00f3. Domina cada cam\u00ed amb l&#8217;energia de la vict\u00f2ria sempre amb tu!<\/p>\n","protected":false},"featured_media":2212,"comment_status":"open","ping_status":"closed","template":"","meta":[],"product_brand":[],"product_cat":[155],"product_tag":[],"class_list":{"0":"post-2213","1":"product","2":"type-product","3":"status-publish","4":"has-post-thumbnail","6":"product_cat-sin-categorizar-ca","7":"product_shipping_class-normals","9":"first","10":"outofstock","11":"sale","12":"shipping-taxable","13":"purchasable","14":"product-type-simple"},"_links":{"self":[{"href":"https:\/\/jg26.store\/index.php\/wp-json\/wp\/v2\/product\/2213","targetHints":{"allow":["GET"]}}],"collection":[{"href":"https:\/\/jg26.store\/index.php\/wp-json\/wp\/v2\/product"}],"about":[{"href":"https:\/\/jg26.store\/index.php\/wp-json\/wp\/v2\/types\/product"}],"replies":[{"embeddable":true,"href":"https:\/\/jg26.store\/index.php\/wp-json\/wp\/v2\/comments?post=2213"}],"wp:featuredmedia":[{"embeddable":true,"href":"https:\/\/jg26.store\/index.php\/wp-json\/wp\/v2\/media\/2212"}],"wp:attachment":[{"href":"https:\/\/jg26.store\/index.php\/wp-json\/wp\/v2\/media?parent=2213"}],"wp:term":[{"taxonomy":"product_brand","embeddable":true,"href":"https:\/\/jg26.store\/index.php\/wp-json\/wp\/v2\/product_brand?post=2213"},{"taxonomy":"product_cat","embeddable":true,"href":"https:\/\/jg26.store\/index.php\/wp-json\/wp\/v2\/product_cat?post=2213"},{"taxonomy":"product_tag","embeddable":true,"href":"https:\/\/jg26.store\/index.php\/wp-json\/wp\/v2\/product_tag?post=2213"}],"curies":[{"name":"wp","href":"https:\/\/api.w.org\/{rel}","templated":true}]}}