{"id":72,"date":"2022-04-11T12:53:40","date_gmt":"1999-01-01T00:00:00","guid":{"rendered":"https:\/\/demo.creativethemes.com\/blocksy\/home-decor\/?page_id=72"},"modified":"2024-09-06T15:36:36","modified_gmt":"2024-09-06T15:36:36","slug":"termes-i-condicions","status":"publish","type":"page","link":"https:\/\/jg26.store\/index.php\/termes-i-condicions\/","title":{"rendered":"Termes i condicions de venda"},"content":{"rendered":"\t\t<div data-elementor-type=\"wp-page\" data-elementor-id=\"72\" class=\"elementor elementor-72\">\n\t\t\t\t<div class=\"elementor-element elementor-element-2d2a8f90 e-flex e-con-boxed e-con e-parent\" data-id=\"2d2a8f90\" data-element_type=\"container\">\n\t\t\t\t\t<div class=\"e-con-inner\">\n\t\t\t\t<div class=\"elementor-element elementor-element-31b0183 elementor-widget elementor-widget-text-editor\" data-id=\"31b0183\" data-element_type=\"widget\" data-widget_type=\"text-editor.default\">\n\t\t\t\t<div class=\"elementor-widget-container\">\n\t\t\t\t\t\t\t\t\t<p><\/p>\n<h3>1. Proc\u00e9s de Compra<\/h3>\n<p>El proc\u00e9s de compra a trav\u00e9s de la nostra botiga en l\u00ednia \u00e9s senzill i consta dels seg\u00fcents passos:<\/p>\n<ol>\n<li>El client selecciona els productes que desitja afegint-los al carret de la compra.<\/li>\n<li>Un cop finalitzada la selecci\u00f3, el client haur\u00e0 de revisar el seu carret, verificar els detalls de la seva comanda i, si est\u00e0 d&#8217;acord, procedir al pagament.<\/li>\n<li>Despr\u00e9s de realitzar el pagament, el client rebr\u00e0 un correu electr\u00f2nic de confirmaci\u00f3 de la seva comanda.<\/li>\n<\/ol>\n<h3>2. M\u00e8todes de Pagament<\/h3>\n<p>Acceptem els seg\u00fcents m\u00e8todes de pagament:<\/p>\n<ul>\n<li>Targetes de cr\u00e8dit\/d\u00e8bit.<\/li>\n<li>Pagament a trav\u00e9s de MONEI, que ofereix una plataforma segura per processar pagaments.<\/li>\n<\/ul>\n<h3>3. Pol\u00edtica de Devolucions i Cancel\u00b7lacions<\/h3>\n<p>Els clients poden cancel\u00b7lar la seva comanda abans que aquesta hagi estat enviada. Un cop enviat el producte, el client pot sol\u00b7licitar una devoluci\u00f3 en un termini de 30 dies naturals des de la recepci\u00f3 de la comanda, sempre que els productes es retornin en perfecte estat i en el seu embalatge original.<\/p>\n<p><strong>Productes no retornables:<\/strong> No s&#8217;accepten devolucions de productes peribles (com aliments o flors), productes \u00edntims o de cura personal, ni materials perillosos.<\/p>\n<h3>4. Impostos i Tarifes d&#8217;Enviament<\/h3>\n<p>Els preus indicats a la nostra botiga inclouen els impostos aplicables segons la normativa vigent. Les tarifes d&#8217;enviament es calcularan en funci\u00f3 de la ubicaci\u00f3 del client i es mostraran abans de confirmar la compra.<\/p>\n<h3>5. Anul\u00b7laci\u00f3 de Comandes, Devolucions i Reemborsaments<\/h3>\n<ul>\n<li>Per poder fer una devoluci\u00f3, l\u2019article ha d&#8217;estar sense \u00fas i en les mateixes condicions que es va rebre. Tamb\u00e9 ha de tenir l\u2019embalatge original.<\/li>\n<li>No envi\u00efs la compra al fabricant.<\/li>\n<li>Hi ha algunes situacions en qu\u00e8 nom\u00e9s es concediran reemborsaments parcials (si s&#8217;escau): Llibres amb signes evidents d&#8217;\u00fas o productes com CD, DVD, programari, etc., que s\u2019hagin obert.<\/li>\n<\/ul>\n<p><strong>Reemborsaments:<\/strong> Un cop rebuda i inspeccionada la devoluci\u00f3, t&#8217;informarem si el reemborsament ha estat aprovat o rebutjat. Si s\u2019aprova, s\u2019aplicar\u00e0 autom\u00e0ticament un cr\u00e8dit al m\u00e8tode de pagament original dins d\u2019uns dies laborables.<\/p>\n<p><strong>Despeses d&#8217;enviament:<\/strong> El client ser\u00e0 responsable de pagar els costos d&#8217;enviament per retornar l&#8217;article. Les despeses d&#8217;enviament no s\u00f3n reemborsables.<\/p>\n<p><strong>Articles en oferta:<\/strong> Nom\u00e9s es reemborsaran els articles a preu normal; els articles en oferta no seran reemborsats.<\/p>\n<p><strong>Intercanvis:<\/strong> Nom\u00e9s substitu\u00efm articles si estan defectuosos o danyats. En aquest cas, envia&#8217;ns un correu electr\u00f2nic a soporte@jg26.store.<\/p>\n<p><\/p>\t\t\t\t\t\t\t\t<\/div>\n\t\t\t\t<\/div>\n\t\t\t\t\t<\/div>\n\t\t\t\t<\/div>\n\t\t\t\t<\/div>\n\t\t","protected":false},"excerpt":{"rendered":"<p>1. Proc\u00e9s de Compra El proc\u00e9s de compra a trav\u00e9s de la nostra botiga en l\u00ednia \u00e9s senzill i consta dels seg\u00fcents passos: El client selecciona els productes que desitja afegint-los al carret de la compra. Un cop finalitzada la selecci\u00f3, el client haur\u00e0 de revisar el seu carret, verificar els detalls de la seva [&hellip;]<\/p>\n","protected":false},"author":1,"featured_media":0,"parent":0,"menu_order":0,"comment_status":"closed","ping_status":"closed","template":"","meta":{"footnotes":""},"class_list":["post-72","page","type-page","status-publish","hentry"],"blocksy_meta":[],"_links":{"self":[{"href":"https:\/\/jg26.store\/index.php\/wp-json\/wp\/v2\/pages\/72","targetHints":{"allow":["GET"]}}],"collection":[{"href":"https:\/\/jg26.store\/index.php\/wp-json\/wp\/v2\/pages"}],"about":[{"href":"https:\/\/jg26.store\/index.php\/wp-json\/wp\/v2\/types\/page"}],"author":[{"embeddable":true,"href":"https:\/\/jg26.store\/index.php\/wp-json\/wp\/v2\/users\/1"}],"replies":[{"embeddable":true,"href":"https:\/\/jg26.store\/index.php\/wp-json\/wp\/v2\/comments?post=72"}],"version-history":[{"count":5,"href":"https:\/\/jg26.store\/index.php\/wp-json\/wp\/v2\/pages\/72\/revisions"}],"predecessor-version":[{"id":2199,"href":"https:\/\/jg26.store\/index.php\/wp-json\/wp\/v2\/pages\/72\/revisions\/2199"}],"wp:attachment":[{"href":"https:\/\/jg26.store\/index.php\/wp-json\/wp\/v2\/media?parent=72"}],"curies":[{"name":"wp","href":"https:\/\/api.w.org\/{rel}","templated":true}]}}