{"id":1687,"date":"2024-09-06T14:03:55","date_gmt":"2024-09-06T14:03:55","guid":{"rendered":"https:\/\/jg26.store\/?page_id=1687"},"modified":"2025-01-29T13:58:22","modified_gmt":"2025-01-29T13:58:22","slug":"privacidad","status":"publish","type":"page","link":"https:\/\/jg26.store\/index.php\/es\/privacidad\/","title":{"rendered":"Politica de privacidad"},"content":{"rendered":"\t\t<div data-elementor-type=\"wp-page\" data-elementor-id=\"1687\" class=\"elementor elementor-1687\">\n\t\t\t\t<div class=\"elementor-element elementor-element-743cfc7d e-flex e-con-boxed e-con e-parent\" data-id=\"743cfc7d\" data-element_type=\"container\">\n\t\t\t\t\t<div class=\"e-con-inner\">\n\t\t\t\t<div class=\"elementor-element elementor-element-aa10928 elementor-widget elementor-widget-text-editor\" data-id=\"aa10928\" data-element_type=\"widget\" data-widget_type=\"text-editor.default\">\n\t\t\t\t<div class=\"elementor-widget-container\">\n\t\t\t\t\t\t\t\t\t<p>En jg26.store, nos tomamos muy en serio la protecci\u00f3n de tus datos personales. Esta pol\u00edtica de privacidad detalla la informaci\u00f3n que recopilamos, c\u00f3mo la utilizamos, con qui\u00e9n la compartimos y cu\u00e1les son tus derechos en relaci\u00f3n con estas.<\/p>\n<h4><strong>\u00bfQu\u00e9 datos recopilamos?<\/strong><\/h4>\n<p>Recopilamos los siguientes datos personales:<\/p>\n<ul>\n<li>Informaci\u00f3n identificativa: nombre, direcci\u00f3n, correo electr\u00f3nico, n\u00famero de tel\u00e9fono.<\/li>\n<li>Datos de pago: tarjetas de cr\u00e9dito\/d\u00e9bito, servicios de pago como MONEI.<\/li>\n<li>Datos de pedidos: productos comprados, historial de pedidos.<\/li>\n<li>Datos t\u00e9cnicos: direcci\u00f3n IP, tipo de navegador, sistema operativo.<\/li>\n<li>Datos de navegaci\u00f3n: p\u00e1ginas visitadas, tiempo de permanencia en el sitio web.<\/li>\n<\/ul>\n<p>Cuando dejas comentarios en el sitio, recopilamos los datos proporcionados en el formulario de comentarios, as\u00ed como tu direcci\u00f3n IP y la cadena de agente de usuario del navegador para ayudar en la detecci\u00f3n de spam. Una cadena anonimizada creada a partir de tu direcci\u00f3n de correo electr\u00f3nico (tambi\u00e9n llamada un &#8220;hash&#8221;) puede ser proporcionada al servicio Gravatar. La pol\u00edtica de privacidad de Gravatar est\u00e1 disponible en <a href=\"https:\/\/automattic.com\/privacy\/\" target=\"_new\" rel=\"noopener\">https:\/\/automattic.com\/privacy\/<\/a>.<\/p>\n<h4><strong>\u00bfC\u00f3mo utilizamos estos datos?<\/strong><\/h4>\n<ul>\n<li>Para procesar los pedidos y enviar los productos.<\/li>\n<li>Para gestionar los pagos de manera segura.<\/li>\n<li>Para enviar notificaciones de pedidos y actualizaciones.<\/li>\n<li>Con tu consentimiento, para enviarte ofertas personalizadas y promociones.<\/li>\n<li>Para mejorar la experiencia de navegaci\u00f3n y realizar an\u00e1lisis de tr\u00e1fico.<\/li>\n<\/ul>\n<p>Si cargas im\u00e1genes en el sitio web, deber\u00edas evitar cargar im\u00e1genes con datos de ubicaci\u00f3n incrustados (EXIF GPS). Los visitantes del sitio web pueden descargar y extraer cualquier dato de ubicaci\u00f3n de las im\u00e1genes en el sitio.<\/p>\n<h4><strong>Cookies<\/strong><\/h4>\n<ul>\n<li>Si dejas un comentario en nuestro sitio, puedes optar por guardar tu nombre, correo electr\u00f3nico y sitio web en cookies. Estas cookies durar\u00e1n un a\u00f1o.<\/li>\n<li>Cuando inicies sesi\u00f3n, configuraremos varias cookies para guardar la informaci\u00f3n de la sesi\u00f3n y las preferencias de pantalla. Las cookies de inicio de sesi\u00f3n duran dos d\u00edas, y las de preferencias de pantalla duran un a\u00f1o. Si seleccionas &#8220;Recordarme&#8221;, tu sesi\u00f3n durar\u00e1 dos semanas.<\/li>\n<\/ul>\n<h4><strong>\u00bfCon qui\u00e9n compartimos los datos?<\/strong><\/h4>\n<p>Compartimos tus datos con:<\/p>\n<ul>\n<li>Proveedores de pago como MONEI y PayPal.<\/li>\n<li>Servicios de mensajer\u00eda para el env\u00edo de productos.<\/li>\n<li>Proveedores t\u00e9cnicos que mantienen nuestro sitio web.<\/li>\n<li>Los comentarios de los visitantes pueden ser revisados por un servicio autom\u00e1tico de detecci\u00f3n de spam.<\/li>\n<\/ul>\n<h4><strong>Derechos de los usuarios<\/strong><\/h4>\n<p>Tienes derecho a acceder, rectificar, cancelar u oponerte al tratamiento de tus datos. Tambi\u00e9n puedes solicitar la portabilidad de los datos y la limitaci\u00f3n de su tratamiento. Para ejercer estos derechos, puedes contactar con nosotros en <strong><a rel=\"noopener\">privacidad@jg26.store<\/a><\/strong>.<\/p>\n<h4><strong>Plazo de conservaci\u00f3n de los datos<\/strong><\/h4>\n<p>Conservamos los datos el tiempo necesario para cumplir con las finalidades para las que fueron recopilados o seg\u00fan lo exija la legislaci\u00f3n vigente.<\/p>\n<h4><strong>Contacto<\/strong><\/h4>\n<p>Para cualquier duda o solicitud relacionada con la privacidad, puedes contactarnos en <strong><a rel=\"noopener\">privacidad@jg26.store<\/a><\/strong>.<\/p>\t\t\t\t\t\t\t\t<\/div>\n\t\t\t\t<\/div>\n\t\t\t\t\t<\/div>\n\t\t\t\t<\/div>\n\t\t<div class=\"elementor-element elementor-element-4685f7f9 e-flex e-con-boxed e-con e-parent\" data-id=\"4685f7f9\" data-element_type=\"container\" data-settings=\"{&quot;background_background&quot;:&quot;classic&quot;}\">\n\t\t\t\t\t<div class=\"e-con-inner\">\n\t\t<div class=\"elementor-element elementor-element-92899da e-con-full e-flex e-con e-child\" data-id=\"92899da\" data-element_type=\"container\">\n\t\t\t\t<div class=\"elementor-element elementor-element-1eaf43cc elementor-widget elementor-widget-image\" data-id=\"1eaf43cc\" data-element_type=\"widget\" data-widget_type=\"image.default\">\n\t\t\t\t<div class=\"elementor-widget-container\">\n\t\t\t\t\t\t\t\t\t\t\t\t\t\t\t<img fetchpriority=\"high\" decoding=\"async\" width=\"1024\" height=\"302\" src=\"https:\/\/jg26.store\/wp-content\/uploads\/2023\/08\/LOGO_GARCIA-e1691060550367-1024x302.png\" class=\"attachment-large size-large wp-image-1193\" alt=\"\" srcset=\"https:\/\/jg26.store\/wp-content\/uploads\/2023\/08\/LOGO_GARCIA-e1691060550367-1024x302.png 1024w, https:\/\/jg26.store\/wp-content\/uploads\/2023\/08\/LOGO_GARCIA-e1691060550367-1200x353.png 1200w, https:\/\/jg26.store\/wp-content\/uploads\/2023\/08\/LOGO_GARCIA-e1691060550367-300x88.png 300w, https:\/\/jg26.store\/wp-content\/uploads\/2023\/08\/LOGO_GARCIA-e1691060550367-768x226.png 768w, https:\/\/jg26.store\/wp-content\/uploads\/2023\/08\/LOGO_GARCIA-e1691060550367.png 1287w\" sizes=\"(max-width: 1024px) 100vw, 1024px\" \/>\t\t\t\t\t\t\t\t\t\t\t\t\t\t\t<\/div>\n\t\t\t\t<\/div>\n\t\t\t\t<div class=\"elementor-element elementor-element-299efa8c elementor-widget elementor-widget-text-editor\" data-id=\"299efa8c\" data-element_type=\"widget\" data-widget_type=\"text-editor.default\">\n\t\t\t\t<div class=\"elementor-widget-container\">\n\t\t\t\t\t\t\t\t\t<h3 style=\"color: #333333; font-weight: bold; text-transform: uppercase; letter-spacing: 1px; ; margin-bottom: 10px;\">Dressing dreams, crafting style, riding beyond limits.<\/h3>\t\t\t\t\t\t\t\t<\/div>\n\t\t\t\t<\/div>\n\t\t\t\t<\/div>\n\t\t<div class=\"elementor-element elementor-element-81637ad e-con-full e-flex e-con e-child\" data-id=\"81637ad\" data-element_type=\"container\">\n\t\t\t\t<div class=\"elementor-element elementor-element-5a259f55 elementor-widget elementor-widget-text-editor\" data-id=\"5a259f55\" data-element_type=\"widget\" data-widget_type=\"text-editor.default\">\n\t\t\t\t<div class=\"elementor-widget-container\">\n\t\t\t\t\t\t\t\t\t<h4 class=\"wp-block-heading\">Information<\/h4>\n<ul style=\"list-style: none; padding: 0; margin: 0;\">\n    <li><a style=\"font-size: 16px;\" href=\"https:\/\/jg26.store\/index.php\/en\/privacy\/\">Privacy Policy<\/a><\/li>\n    <li><a href=\"https:\/\/jg26.store\/index.php\/en\/contact\/\">Contact Us<\/a><\/li>\n    <li><a href=\"https:\/\/jg26.store\/index.php\/en\/terms-and-conditions\/\">Terms and Conditions<\/a><\/li>\n    <li><a href=\"https:\/\/jg26.store\/index.php\/en\/legal-notice\/\">Legal Notice<\/a><\/li>\n    <li><a href=\"https:\/\/jg26.store\/index.php\/dades-enviament\/\">Shipping Information<\/a><\/li>\n<\/ul>\n\t\t\t\t\t\t\t\t<\/div>\n\t\t\t\t<\/div>\n\t\t\t\t<\/div>\n\t\t<div class=\"elementor-element elementor-element-3b0e1f7a e-con-full e-flex e-con e-child\" data-id=\"3b0e1f7a\" data-element_type=\"container\">\n\t\t\t\t<div class=\"elementor-element elementor-element-35da8adb elementor-widget elementor-widget-text-editor\" data-id=\"35da8adb\" data-element_type=\"widget\" data-widget_type=\"text-editor.default\">\n\t\t\t\t<div class=\"elementor-widget-container\">\n\t\t\t\t\t\t\t\t\t<h4 class=\"wp-block-heading\">Contact<\/h4>\nNeed help or have a question?\nContact us at &#8211; <a>info@jg26.store<\/a>\n\nFor more specific contact:\n<a>privacy@jg26.store<\/a> | <a>support@jg26.store<\/a><BR>\nWebDev &#8211; <a>info@webworksbcn.es<\/a>\t\t\t\t\t\t\t\t<\/div>\n\t\t\t\t<\/div>\n\t\t\t\t<\/div>\n\t\t\t\t\t<\/div>\n\t\t\t\t<\/div>\n\t\t\t\t<\/div>\n\t\t","protected":false},"excerpt":{"rendered":"<p>En jg26.store, nos tomamos muy en serio la protecci\u00f3n de tus datos personales. Esta pol\u00edtica de privacidad detalla la informaci\u00f3n que recopilamos, c\u00f3mo la utilizamos, con qui\u00e9n la compartimos y cu\u00e1les son tus derechos en relaci\u00f3n con estas. \u00bfQu\u00e9 datos recopilamos? Recopilamos los siguientes datos personales: Informaci\u00f3n identificativa: nombre, direcci\u00f3n, correo electr\u00f3nico, n\u00famero de tel\u00e9fono. [&hellip;]<\/p>\n","protected":false},"author":1,"featured_media":0,"parent":0,"menu_order":0,"comment_status":"closed","ping_status":"closed","template":"","meta":{"footnotes":""},"class_list":["post-1687","page","type-page","status-publish","hentry"],"blocksy_meta":[],"_links":{"self":[{"href":"https:\/\/jg26.store\/index.php\/wp-json\/wp\/v2\/pages\/1687","targetHints":{"allow":["GET"]}}],"collection":[{"href":"https:\/\/jg26.store\/index.php\/wp-json\/wp\/v2\/pages"}],"about":[{"href":"https:\/\/jg26.store\/index.php\/wp-json\/wp\/v2\/types\/page"}],"author":[{"embeddable":true,"href":"https:\/\/jg26.store\/index.php\/wp-json\/wp\/v2\/users\/1"}],"replies":[{"embeddable":true,"href":"https:\/\/jg26.store\/index.php\/wp-json\/wp\/v2\/comments?post=1687"}],"version-history":[{"count":8,"href":"https:\/\/jg26.store\/index.php\/wp-json\/wp\/v2\/pages\/1687\/revisions"}],"predecessor-version":[{"id":2194,"href":"https:\/\/jg26.store\/index.php\/wp-json\/wp\/v2\/pages\/1687\/revisions\/2194"}],"wp:attachment":[{"href":"https:\/\/jg26.store\/index.php\/wp-json\/wp\/v2\/media?parent=1687"}],"curies":[{"name":"wp","href":"https:\/\/api.w.org\/{rel}","templated":true}]}}